at is 10011 - 101?
1110
In base 2, what is 10110010 + -100010?
10010000
In base 9, what is 5 - 303?
-287
In base 11, what is -11a + 6?
-114
In base 13, what is 3 - -7a4?
7a7
In base 11, what is 38 + -6?
32
In base 15, what is -185e - 3?
-1862
In base 3, what is -101 + -20120?
-20221
In base 10, what is 225 - -4?
229
In base 5, what is -1144 - 233?
-1432
In base 7, what is -10 - -21?
11
In base 14, what is -605 - 7?
-60c
In base 9, what is 746 - 0?
746
In base 14, what is -5b + 0?
-5b
In base 3, what is -111002 - -1?
-111001
In base 8, what is 1 - -11755?
11756
In base 13, what is -55c7 + -2?
-55c9
In base 10, what is 1 + 201?
202
In base 9, what is -5 + -844?
-850
In base 12, what is 168 - 4?
164
In base 12, what is -a - -23?
15
In base 12, what is 8 + -23?
-17
In base 4, what is -110 - 3?
-113
In base 3, what is -1 + 11000?
10222
In base 14, what is aa - -24?
d0
In base 5, what is 4 + 240?
244
In base 13, what is -6450 + 0?
-6450
In base 9, what is 2 - -166?
168
In base 2, what is 100 - -101?
1001
In base 9, what is -4487 - 0?
-4487
In base 8, what is -17 - 31?
-50
In base 2, what is 100111111110 - -1?
100111111111
In base 16, what is 114 - -28?
13c
In base 8, what is -70 - 104?
-174
In base 9, what is -10 - -1?
-8
In base 7, what is 144 + 31?
205
In base 5, what is -4 - 114?
-123
In base 10, what is 395 - 5?
390
In base 14, what is 0 - -45?
45
In base 8, what is 666 - -3?
671
In base 14, what is -5 + -35c?
-363
In base 16, what is -a + 34?
2a
In base 7, what is 265 + 33?
331
In base 12, what is 4b + 5?
54
In base 14, what is 223 - 0?
223
In base 5, what is -13444 - -3?
-13441
In base 16, what is -33 - 2?
-35
In base 9, what is -25 + -22?
-47
In base 4, what is -20 - 11310?
-11330
In base 14, what is 1db - -2?
1dd
In base 12, what is 2a19 - 1?
2a18
In base 2, what is -101 + 111100?
110111
In base 14, what is -2 + 73?
71
In base 12, what is 4 - 51?
-49
In base 11, what is 11 + -37?
-26
In base 16, what is 3 - 26?
-23
In base 3, what is 1021221 - -1?
1021222
In base 2, what is 1000101 - -11011?
1100000
In base 5, what is -41 + -12?
-103
In base 7, what is 1 - -101?
102
In base 4, what is 303 - -11?
320
In base 5, what is 142440 - -1?
142441
In base 12, what is -39a + 5?
-395
In base 8, what is -305 - 5?
-312
In base 14, what is 227 + 1?
228
In base 7, what is -1 + -3430?
-3431
In base 13, what is -c + 4?
-8
In base 9, what is 3 - 2181?
-2177
In base 5, what is 1 - 4033?
-4032
In base 6, what is 0 - -55502?
55502
In base 11, what is 23 + 81?
a4
In base 14, what is -6 + 2a1?
299
In base 7, what is -36 + 36?
0
In base 9, what is 7 + 50?
57
In base 16, what is -77d - 5?
-782
In base 10, what is -60 + -13?
-73
In base 10, what is 84 - 1?
83
In base 14, what is 5 - -c?
13
In base 2, what is 11 - 111011100?
-111011001
In base 10, what is 2 - -282?
284
In base 6, what is 4 + 3414?
3422
In base 15, what is -5 + -a?
-10
In base 9, what is -44 + 620?
565
In base 11, what is -40 - -9?
-32
In base 15, what is -1 - 1a?
-1b
In base 12, what is 57b0 - -5?
57b5
In base 6, what is 5 - -3431?
3440
In base 15, what is 29 - 7?
22
In base 4, what is -30300 - 10?
-30310
In base 3, what is -1100022 - -12?
-1100010
In base 11, what is 54 + -6?
49
In base 12, what is -3 - -17?
14
In base 9, what is 1132 + -3?
1128
In base 7, what is 303 - 15?
255
In base 3, what is -10202 - -12?
-10120
In base 8, what is 2763 + 1?
2764
In base 3, what is -12 + -2211121?
-2211210
In base 3, what is -10 - 1121110?
-1121120
In base 8, what is 461 + 2?
463
In base 3, what is 10211222 - 2?
10211220
In base 4, what is 11 + -2203?
-2132
In base 9, what is -306 + -4?
-311
In base 4, what is 11 + 30111?
30122
In base 2, what is 1001000 + 100101010?
101110010
In base 9, what is -142 + -16?
-158
In base 4, what is 111023 - -33?
111122
In base 7, what is -105 - -2?
-103
In base 9, what is 4 + 0?
4
In base 6, what is -5 - -333?
324
In base 8, what is -2 - 705?
-707
In base 13, what is c + 749?
758
In base 8, what is 137 - -3?
142
In base 6, what is 13 - 2?
11
In base 15, what is c + -42?
-35
In base 9, what is 1 - 373?
-372
In base 11, what is -55 - -2?
-53
In base 12, what is -400 + -2?
-402
In base 6, what is 0 - -4520?
4520
In base 14, what is 3 - 210?
-20b
In base 10, what is 4 - 429?
-425
In base 15, what is 19b4 + 5?
19b9
In base 11, what is -3095 + 2?
-3093
In base 7, what is -450 + -3?
-453
In base 16, what is 1 - -69?
6a
In base 11, what is -5 - 2591?
-2596
In base 6, what is -303210 - 3?
-303213
In base 7, what is 203 - 2?
201
In base 4, what is -11 + 31320?
31303
In base 12, what is -86 - -4?
-82
In base 12, what is -19 + 14?
-5
In base 7, what is -1 + -10312?
-10313
In base 7, what is -364 - 52?
-446
In base 7, what is -114 + 3?
-111
In base 9, what is 11 + 2?
13
In base 9, what is -60 - 58?
-128
In base 5, what is -232 + -1112?
-1344
In base 9, what is 33 + 30?
63
In base 3, what is -10 + -11101220?
-11102000
In base 14, what is -2 + 1645?
1643
In base 6, what is -1 - -42?
41
In base 10, what is -571 + 1?
-570
In base 8, what is -13 - -2?
-11
In base 5, what is 100 + 41?
141
In base 9, what is -233 + -4?
-237
In base 16, what is 4 + 3d?
41
In base 5, what is -12 - 12204?
-12221
In base 13, what is 19 + c?
28
In base 2, what is 100 - 1001?
-101
In base 12, what is -11 + -5?
-16
In base 9, what is -641 - 13?
-654
In base 8, what is -3 - -174?
171
In base 4, what is -321 + -12?
-333
In base 15, what is -1 - 5b4?
-5b5
In base 7, what is 2 + -40?
-35
In base 9, what is -15 + 0?
-15
In base 12, what is 3 - -34?
37
In base 7, what is -5 + 1363?
1355
In base 13, what is -c38 - 3?
-c3b
In base 10, what is 2 + 16?
18
In base 8, what is 4 - 124?
-120
In base 11, what is 12 + 0?
12
In base 8, what is -26 + -3?
-31
In base 9, what is 4 - 67?
-63
In base 14, what is 4 - -8b?
91
In base 6, what is -1242 + 4?
-1234
In base 10, what is -39 - -4?
-35
In base 5, what is 0 + 200423?
200423
In base 11, what is 4 - -128a?
1293
In base 6, what is -21 + 1254?
1233
In base 13, what is -13b4 - -3?
-13b1
In base 4, what is -322 + 102?
-220
In base 9, what is 12 - -82?
104
In base 8, what is -470 - -4?
-464
In base 10, what is 2 + 323?
325
In base 3, what is -110000 + -12?
-110012
In base 8, what is 125 + -5?
120
In base 8, what is 62 + -20?
42
In base 12, what is 8 + -62a?
-622
In base 7, what is 0 + 564?
564
In base 10, what is 63 + 7?
70
In base 15, what is -2 + -3?
-5
In base 14, what is -129 + 3?
-126
In base 5, what is -34314 + -2?
-34321
In base 3, what is 0 + 1012?
1012
In base 10, what is -3232 + 1?
-3231
In base 12, what is 116 + -97?
3b
In base 14, what is 185 + 4?
189
In base 2, what is 101100 - 101?
100111
In base 8, what is 154 + 366?
542
In base 15, what is -3614 - 3?
-3617
In base 14, what is 12c5 - -4?
12c9
In base 2, what is 11100 - -11?
11111
In base 7, what is -165 - 3?
-201
In base 2, what is 1110010 - -10100?
10000110
In base 3, what is -10 - -1201?
1121
In base 14, what is -8d + -58?
-107
In base 3, what is 10202 - 12?
10120
In base 3, what is 212 - -21?
1010
In base 13, what is 162 - -26?
188
In base 5, what is 3200 + -2?
3143
In base 3, what is -201 + 101200?
100222
In base 15, what is b2ac + 5?
b2b2
In base 4, what is -103 + -20032?
-20201
In base 5, what is -21 - 433?
-1004
In base 9, what is -3181 + 5?
-3175
In base 4, what is -1212 - 1?
-1213
In base 6, what is 234 - -1?
235
In base 8, what is -3 + 2135?
2132
In base 8, what is -33 + 45?
12
In base 12, what is bb + -5?
b6
In base 5, what is 1334 + 0?
1334
In base 9, what is 5 + 1174?
1180
In base 2, what is -101 + 1101?
1000
In base 14, what is -151 + -1?
-152
In base 5, what is 3324 + 10?
3334
In base 10, what is -17 - -20?
3
In base 9, what is 14 + -1404?
-1380
In base 12, what is -1923 - 5?
-1928
In base 6, what is -3 + -2355?
-2402
In base 7, what is 164 + -36?
125
In base 16, what is -4 - -24?
20
In base 16, what is -3 - -169?
166
In base 2, what is -100 - 110100?
-111000
In base 10, what is 24 - 814?
-790
In base 9, what is -3037 + 0?
-3037
In base 16, what is -3ef + -f?
-3fe
In base 2, what is -110110000 - 1?
-110110001
In base 7, what is 4 + -314?
-310
In base 3, what is -1 + -211011?
-211012
In base 11, what is -40 + -118?
-158
In base 10, what is -29 + 13?
-16
In base 3, what is -12 + 2001112?
2001100
In base 11, what is